{"id":34,"date":"2015-08-31T14:43:53","date_gmt":"2015-08-31T12:43:53","guid":{"rendered":"http:\/\/wbv-obere-havel-obere-tollense.wbv-mv.de\/?page_id=34"},"modified":"2017-01-12T15:25:22","modified_gmt":"2017-01-12T14:25:22","slug":"aufgaben","status":"publish","type":"page","link":"https:\/\/wbv-obere-havel-obere-tollense.wbv-mv.de\/?page_id=34","title":{"rendered":"Aufgaben"},"content":{"rendered":"<p>&nbsp;<\/p>\n<ul>\n<li>\n<pre>Gew\u00e4sserunterhaltung der Gew\u00e4sser zweiter Ordnung im&nbsp; Verbandsgebiet per Gesetz (\u00a7 39 WHG) einschlie\u00dflich<\/pre>\n<\/li>\n<li>\n<pre>Sch\u00f6pfwerksbetrieb- und unterhaltung, als Anlagen, die der Abf\u00fchrung des Wassers dienen (\u00a7 62 LWaG)<\/pre>\n<\/li>\n<li>\n<pre>Deichunterhaltung<\/pre>\n<\/li>\n<\/ul>\n<p><em>dar\u00fcber hinaus&#8230;.<\/em><\/p>\n<ul>\n<li>\n<pre>Gew\u00e4sserausbau im Auftrag der Gemeinde nach Satzung<\/pre>\n<\/li>\n<li>\n<pre>weitere Aufgaben sind nach Wasserverbandsgesetz (WVG) m\u00f6glich<\/pre>\n<p><a href=\"http:\/\/wbv-obere-havel-obere-tollense.wbv-mv.de\/wp-content\/uploads\/2015\/08\/GWUHP.jpg\"><img loading=\"lazy\" decoding=\"async\" class=\"aligncenter size-full wp-image-355\" src=\"http:\/\/wbv-obere-havel-obere-tollense.wbv-mv.de\/wp-content\/uploads\/2015\/08\/GWUHP.jpg\" alt=\"\" width=\"960\" height=\"720\" srcset=\"https:\/\/wbv-obere-havel-obere-tollense.wbv-mv.de\/wp-content\/uploads\/2015\/08\/GWUHP.jpg 960w, https:\/\/wbv-obere-havel-obere-tollense.wbv-mv.de\/wp-content\/uploads\/2015\/08\/GWUHP-300x225.jpg 300w, https:\/\/wbv-obere-havel-obere-tollense.wbv-mv.de\/wp-content\/uploads\/2015\/08\/GWUHP-768x576.jpg 768w, https:\/\/wbv-obere-havel-obere-tollense.wbv-mv.de\/wp-content\/uploads\/2015\/08\/GWUHP-816x612.jpg 816w\" sizes=\"auto, (max-width: 960px) 100vw, 960px\" \/><\/a><\/li>\n<\/ul>\n<pre>&nbsp;<\/pre>\n","protected":false},"excerpt":{"rendered":"<p>&nbsp; Gew\u00e4sserunterhaltung der Gew\u00e4sser zweiter Ordnung im&nbsp; Verbandsgebiet per Gesetz (\u00a7 39 WHG) einschlie\u00dflich Sch\u00f6pfwerksbetrieb- und unterhaltung, als Anlagen, die der Abf\u00fchrung des Wassers dienen (\u00a7 62 LWaG) Deichunterhaltung dar\u00fcber hinaus&#8230;. Gew\u00e4sserausbau im Auftrag der Gemeinde nach Satzung weitere Aufgaben &hellip; <a href=\"https:\/\/wbv-obere-havel-obere-tollense.wbv-mv.de\/?page_id=34\">Weiter<\/a><\/p>\n","protected":false},"author":1,"featured_media":0,"parent":9,"menu_order":0,"comment_status":"closed","ping_status":"closed","template":"","meta":{"kt_blocks_editor_width":"","ngg_post_thumbnail":0,"footnotes":""},"class_list":["post-34","page","type-page","status-publish","hentry"],"_links":{"self":[{"href":"https:\/\/wbv-obere-havel-obere-tollense.wbv-mv.de\/index.php?rest_route=\/wp\/v2\/pages\/34","targetHints":{"allow":["GET"]}}],"collection":[{"href":"https:\/\/wbv-obere-havel-obere-tollense.wbv-mv.de\/index.php?rest_route=\/wp\/v2\/pages"}],"about":[{"href":"https:\/\/wbv-obere-havel-obere-tollense.wbv-mv.de\/index.php?rest_route=\/wp\/v2\/types\/page"}],"author":[{"embeddable":true,"href":"https:\/\/wbv-obere-havel-obere-tollense.wbv-mv.de\/index.php?rest_route=\/wp\/v2\/users\/1"}],"replies":[{"embeddable":true,"href":"https:\/\/wbv-obere-havel-obere-tollense.wbv-mv.de\/index.php?rest_route=%2Fwp%2Fv2%2Fcomments&post=34"}],"version-history":[{"count":7,"href":"https:\/\/wbv-obere-havel-obere-tollense.wbv-mv.de\/index.php?rest_route=\/wp\/v2\/pages\/34\/revisions"}],"predecessor-version":[{"id":351,"href":"https:\/\/wbv-obere-havel-obere-tollense.wbv-mv.de\/index.php?rest_route=\/wp\/v2\/pages\/34\/revisions\/351"}],"up":[{"embeddable":true,"href":"https:\/\/wbv-obere-havel-obere-tollense.wbv-mv.de\/index.php?rest_route=\/wp\/v2\/pages\/9"}],"wp:attachment":[{"href":"https:\/\/wbv-obere-havel-obere-tollense.wbv-mv.de\/index.php?rest_route=%2Fwp%2Fv2%2Fmedia&parent=34"}],"curies":[{"name":"wp","href":"https:\/\/api.w.org\/{rel}","templated":true}]}}